. What is the units digit of m(1)?
3
Suppose 4*y - 751 = -2*v + 539, 0 = 5*v + 5*y - 3205. What is the tens digit of v?
3
Let n = -118 - -123. Suppose n*l - 1205 = 130. What is the units digit of l?
7
Let x(t) be the second derivative of 41*t**4/12 - t**3/6 - 17*t. Suppose -3 + 0 = 3*r. What is the tens digit of x(r)?
4
Suppose 5*v + 19 = 5*h + 2*v, 4*v + 6 = -3*h. Suppose 1 - 7 = -3*w. Suppose -w*y = -h*c - 5*y + 124, 2*y - 186 = -3*c. What is the units digit of c?
2
Let g = 6269 - 2747. What is the units digit of g?
2
What is the units digit of (-16 + 7)*(-17699)/33?
7
Suppose 19 = 5*d - 51. Suppose d = 4*l - 374. What is the tens digit of l?
9
Let j = -12 - -12. Suppose 4*p = j, p = -2*b - p + 2. What is the units digit of b + 1 + 1 + 4?
7
Let v be 2 + -2 + -4*1. Let m be (0/(-2 - v))/(-1). What is the units digit of m - (-7 - -3 - 0)?
4
Let r(m) = -5*m + 19. Let v be r(4). What is the tens digit of v - 1/((-236)/(-238) - 1)?
1
Suppose -5 = x + 26. Let c = -28 - x. What is the tens digit of (-30)/c*16/(-10)?
1
Let z be (-16)/56 + 96/42. Let j = 19 - -1. Suppose j = -a + z*a. What is the units digit of a?
0
Suppose -5 = 5*o, 3*o - 8 = 5*w - 26. Suppose 163 = 2*n + w*f, -3*f + 245 = 3*n + f. What is the units digit of n?
3
Let u be (-11)/((5/(-21))/(-5)). Let b = u - -366. What is the hundreds digit of b?
1
Suppose 3*b - 8 = 3*s + 10, -4*s = 4*b - 56. Let z = 19 - 15. Suppose -2*p + b = z. What is the units digit of p?
3
Suppose 2*k = 3*k - 5. Suppose -10 = 3*m - 5*h, 0 = 5*m + 2*h - k + 1. Suppose m = -5*d + 4*u - 45 + 249, -4 = 4*u. What is the tens digit of d?
4
Suppose -4*d = 2*r - 8, 5*d - 12 = -3*r - 0*r. Suppose 0 = -t - o + 21, 80 = 2*t - r*o + 8. Let p = 61 - t. What is the units digit of p?
5
Suppose 3*c + 3*z - 2*z + 240 = 0, -91 = c + 4*z. Let r = c + 145. What is the units digit of r?
6
Let n = -3260 + 5090. What is the thousands digit of n?
1
Let w(j) = -3 + 17*j - 15*j + 29*j. What is the tens digit of w(2)?
5
Suppose -4*n + q + 0*q - 18 = 0, 10 = -5*q. What is the tens digit of 31*(0 - n)/5?
3
Let b(n) = 0 + 5 + 4 - 30*n. What is the units digit of b(-4)?
9
Let u(i) = i**3 + 10*i**2 + 8*i - 13. Let s be u(-9). What is the tens digit of (159/(-12))/(1/s)?
5
Suppose -3390 = -8*g - 902. What is the units digit of g?
1
Let a be (-10)/(-3)*(3 - (-15)/(-10)). Suppose 0 = -a*d + 456 + 834. What is the hundreds digit of d?
2
Suppose -6*g + 231 + 39 = 0. What is the units digit of 4 - (-1 + g/(-1))?
0
Suppose 6021 = 4*u + 21. Suppose u - 6 = 6*j. What is the units digit of j?
9
Let s(o) = -9*o**3 - 2*o**2 - 7. Let d(y) = -y**3 - y - 1. Let v(i) = 4*d(i) - s(i). Let r be v(2). Let c = -14 + r. What is the units digit of c?
9
Suppose 3*v = -5*r + 61, 0 = 4*v - 5 - 3. Let c = 31 + r. What is the tens digit of c?
4
Let p(u) = -u**2 + 7*u - 1. Let j be p(7). Let k be j - -34*(-3 - -4). Suppose 0 = q - 4*q + k. What is the units digit of q?
1
Suppose 0 = -4*b - 54 + 22. Let d be 3/12 + 50/b. What is the tens digit of 5/(-10) + (-339)/d?
5
Let y(i) = i**2 - 3*i + 2. Let c be y(1). Suppose -2*s - 10 + 22 = c. Suppose 0 = -3*o - z + 67, -3*o + s*o = 2*z + 73. What is the units digit of o?
3
Suppose 0 = 6*y - 176 - 1372. What is the units digit of y?
8
Let o be 5 + (1*-3 - -2). Suppose -12 = 4*l - 7*l. Suppose 2*j + 6 = -l*r, -24 = -o*j + 4*r - 3*r. What is the units digit of j?
5
What is the units digit of (1431/(-15))/((-10)/100)?
4
Let i(v) = 4*v - 8. Let y be i(5). Suppose 2*h + 2*h = y. Suppose h*b = -13 + 1, -41 = -z + b. What is the units digit of z?
7
Let k(d) = 4*d - 6. Suppose 0*t + 3*t = 4*i + 25, i + 1 = 0. Let b be k(t). Let q = 5 + b. What is the units digit of q?
7
Let m(v) = v**2 + 16*v + 31. What is the tens digit of m(-18)?
6
Suppose 0*d + 9 = 3*d. Suppose a + d*m - 103 = -a, 0 = -3*a - 2*m + 157. What is the tens digit of a?
5
Let d(o) = o**3 - o**2 + 24. Let u be d(0). Suppose -5*g = -5*s - 40, -7 = -2*g + 1. What is the units digit of (u/(-14))/(s/42)?
8
Let d be (6/15)/((-4)/(-60)). What is the hundreds digit of (3 - -11)*45/d?
1
Let u = 1118 + -910. What is the hundreds digit of u?
2
Suppose 3*v = -2*i + 2*v + 1, 2*v - 2 = 0. Suppose 2*p = p - 3*j + 83, 2*p - 4*j - 146 = i. What is the units digit of p?
7
Suppose -5*o + 2 = -4*o. Suppose 35 = o*l - 161. What is the units digit of l?
8
What is the units digit of 10 + -6 - 8*-10?
4
Let c(d) = 6*d + 15. Let g(r) = -r**3 - 5*r**2 - 7*r - 5. Let x be g(-4). Let m be c(x). What is the units digit of (1 - -3)*m/6?
8
Let j(u) = -47*u**2 + u + 12. Let x be j(-5). What is the hundreds digit of x/12*(18/4)/(-3)?
1
Let l(w) = w**2 - 10*w + 11. Let o be l(9). Suppose -5*s + o*s - 2*j = -54, 2*s - 44 = -4*j. What is the tens digit of s?
1
Let u(p) = 4*p - 8. Let d be u(4). What is the tens digit of 60 - d - 0/(-1)?
5
Let s(c) = -2*c**2 - 3*c - 7. Let i be (-6)/4*(-16)/(-6). Let a be s(i). Let k = 25 - a. What is the units digit of k?
2
Suppose 3*a + 2*a = 10. What is the units digit of (0 - (-3 + a))*31?
1
Let o = 774 + -428. What is the tens digit of o?
4
Let v be 28/70 + (-4)/10. Suppose 2*u - 10 = -5*w, 2*w + v = 3*u + 4. Suppose -106 + 8 = -w*r. What is the tens digit of r?
4
Let a be 412/(-8)*-2*-8. What is the units digit of (2 - (-10)/(-4))/(4/a)?
3
Let b(d) = d + 10. Let z be b(-7). Suppose -z*q + 2 = 2*l, -3*l = 5*q + 1 - 3. Let r(n) = -n**3 - n**2 - 2*n - 1. What is the units digit of r(q)?
7
Let f be 7/(-3) + 4/12. What is the units digit of ((-6)/9)/(f/21)?
7
Let u = -26 - -50. Suppose 5*o = 6*d - d, 5*d - u = -3*o. Suppose -o*m + 115 = 2*m. What is the tens digit of m?
2
Let y = 8 - 3. Let w = y - -26. What is the units digit of w?
1
Suppose 0 = 4*d - 4*w - 20, 10*w - 6*w + 14 = d. Suppose -2*v + 2*u + 428 = 0, 5*v + 298 = -d*u + 1368. What is the units digit of v?
4
What is the units digit of (7 - 60/5) + 488?
3
Suppose h + 26 = 4*t + 3*h, 19 = 3*t + h. Suppose -i + 2*g - t = 0, -i - 4*g = -5 - 19. Suppose 9 = i*o + 1. What is the units digit of o?
2
Let b(n) be the first derivative of -n**4/4 + 7*n**3/3 + 5*n**2/2 + 8*n - 33. What is the tens digit of b(7)?
4
What is the tens digit of (-574)/(-10) + (-34)/85?
5
Let z(q) = -q**2 - 1. Let k be z(5). Let l = 37 + k. Suppose 25 = 3*o - l. What is the tens digit of o?
1
Let j(s) = -11*s - 26. Suppose 0 = -t - c - 12, c - 6 - 4 = t. What is the units digit of j(t)?
5
Let f(i) = -2*i - 14. Let k be f(-7). Let n(b) = -b**2 + b + 19. Let p be n(k). Let j = 52 - p. What is the tens digit of j?
3
Suppose 7*w + 3*r = 3*w + 529, 0 = -4*w + 4*r + 508. What is the tens digit of w?
3
Let d be (-2632)/(-44) + 2/11. Suppose -d = -z - 9. What is the units digit of z?
1
Suppose -174 = -2*m + 168. Let p = m + -90. What is the tens digit of p?
8
Let a be 6 + 2 + -1 + -4. Let h be (-1)/a - (-70)/30. Let x(c) = 9*c**2 + 3*c - 2. What is the units digit of x(h)?
0
What is the units digit of ((-420)/(-56))/((-6)/(-280))?
0
Let n(x) be the third derivative of 19*x**4/12 - 43*x**3/6 + 5*x**2 - 4. What is the units digit of n(8)?
1
Suppose -2*h - 11 + 0 = -3*p, 0 = -h + 5*p - 23. Suppose v - 206 = -h*g, -4*v = -0 - 16. What is the units digit of g?
1
What is the hundreds digit of ((-20)/30)/((-188502)/(-62838) + -3)?
4
Let a(u) = -u**3 + 12*u**2 + 11*u - 15. Let d be a(12). Let w = d + -66. What is the units digit of w?
1
Let j = -824 - -1896. What is the thousands digit of j?
1
Let g be (-48)/18*9/(-6). Suppose -5*a - 5 = -2*d, a + g*d + d + 1 = 0. What is the units digit of (-9 + 13)*(a - -17)?
4
Let q = 293 - 103. What is the tens digit of q?
9
Let h(r) = 122*r + 11. Let f(g) = 81*g + 7. Let o(a) = -8*f(a) + 5*h(a). Suppose 2*c + i = -2, 0 = 5*c - i + 1 + 4. What is the tens digit of o(c)?
3
Let u(b) = -21*b - 26. What is the units digit of u(-7)?
1
Suppose 5*k + 31 = -64. Let o = k + 29. What is the tens digit of (96/(-15))/(-4)*o?
1
Suppose 5*q - 16 = q. Let d(m) = -m**3 + 6*m**2 + 2*m + 3. What is the tens digit of d(q)?
4
Let d = -330 - -492. Suppose -o + 3*o - d = -2*b, -5*o + 387 = -4*b. What is the tens digit of o?
7
Let v(n) = 2*n**3 + 5*n**2 + 20*n + 10. Let b be v(-6). Let z = -199 - b. What is the units digit of z?
3
Suppose 6 = 5*s - 4. Suppose -s*y = 2*y - 212. What is the units digit of y?
3
Let t(c) = -c**3 + 9*c**2 - 17*c - 88